 455.
8
Calculate the remainder when 5 is divided by 3.
2
Calculate the remainder when 3611 is divided by 8.
3
Calculate the remainder when 837 is divided by 170.
157
Calculate the remainder when 116 is divided by 83.
33
Calculate the remainder when 745 is divided by 54.
43
Calculate the remainder when 164 is divided by 123.
41
What is the remainder when 530 is divided by 70?
40
Calculate the remainder when 741 is divided by 53.
52
What is the remainder when 1442 is divided by 474?
20
Calculate the remainder when 3173 is divided by 11.
5
Calculate the remainder when 12 is divided by 8.
4
What is the remainder when 179 is divided by 91?
88
What is the remainder when 794 is divided by 35?
24
What is the remainder when 836 is divided by 15?
11
Calculate the remainder when 2727 is divided by 42.
39
What is the remainder when 195 is divided by 50?
45
What is the remainder when 268 is divided by 68?
64
What is the remainder when 423 is divided by 60?
3
Calculate the remainder when 46 is divided by 36.
10
Calculate the remainder when 319 is divided by 64.
63
What is the remainder when 161 is divided by 27?
26
Calculate the remainder when 2936 is divided by 184.
176
What is the remainder when 92 is divided by 6?
2
What is the remainder when 39 is divided by 15?
9
Calculate the remainder when 5921 is divided by 9.
8
Calculate the remainder when 105 is divided by 54.
51
What is the remainder when 42 is divided by 12?
6
Calculate the remainder when 358 is divided by 87.
10
Calculate the remainder when 389 is divided by 41.
20
Calculate the remainder when 147 is divided by 35.
7
Calculate the remainder when 869 is divided by 49.
36
What is the remainder when 3245 is divided by 203?
200
Calculate the remainder when 35661 is divided by 27.
21
Calculate the remainder when 111 is divided by 67.
44
What is the remainder when 872 is divided by 86?
12
Calculate the remainder when 85 is divided by 27.
4
Calculate the remainder when 1001 is divided by 322.
35
What is the remainder when 768 is divided by 23?
9
What is the remainder when 2780 is divided by 29?
25
Calculate the remainder when 7835 is divided by 67.
63
Calculate the remainder when 1546 is divided by 119.
118
Calculate the remainder when 3286 is divided by 6.
4
What is the remainder when 802 is divided by 37?
25
What is the remainder when 141 is divided by 36?
33
Calculate the remainder when 23312 is divided by 134.
130
Calculate the remainder when 14 is divided by 5.
4
Calculate the remainder when 675 is divided by 35.
10
What is the remainder when 56486 is divided by 23?
21
Calculate the remainder when 2622 is divided by 1307.
8
What is the remainder when 523 is divided by 23?
17
Calculate the remainder when 227 is divided by 115.
112
What is the remainder when 77 is divided by 9?
5
What is the remainder when 1474 is divided by 18?
16
What is the remainder when 2999 is divided by 47?
38
Calculate the remainder when 1060 is divided by 41.
35
Calculate the remainder when 405 is divided by 24.
21
Calculate the remainder when 123 is divided by 31.
30
What is the remainder when 50562 is divided by 131?
127
Calculate the remainder when 1729 is divided by 102.
97
What is the remainder when 857 is divided by 338?
181
What is the remainder when 796 is divided by 47?
44
What is the remainder when 371 is divided by 29?
23
Calculate the remainder when 32 is divided by 18.
14
What is the remainder when 260 is divided by 21?
8
Calculate the remainder when 4676 is divided by 2338.
0
What is the remainder when 254 is divided by 26?
20
What is the remainder when 135 is divided by 7?
2
Calculate the remainder when 143 is divided by 7.
3
Calculate the remainder when 1971 is divided by 21.
18
Calculate the remainder when 11506 is divided by 7.
5
What is the remainder when 29 is divided by 14?
1
What is the remainder when 407 is divided by 41?
38
Calculate the remainder when 173 is divided by 21.
5
What is the remainder when 1211 is divided by 27?
23
Calculate the remainder when 1976 is divided by 86.
84
What is the remainder when 90 is divided by 34?
22
Calculate the remainder when 797 is divided by 777.
20
What is the remainder when 37 is divided by 7?
2
Calculate the remainder when 6697 is divided by 25.
22
Calculate the remainder when 400 is divided by 67.
65
What is the remainder when 300 is divided by 67?
32
What is the remainder when 643 is divided by 24?
19
What is the remainder when 508 is divided by 247?
14
Calculate the remainder when 577 is divided by 20.
17
What is the remainder when 287 is divided by 29?
26
What is the remainder when 114 is divided by 105?
9
Calculate the remainder when 958 is divided by 3.
1
Calculate the remainder when 506 is divided by 136.
98
What is the remainder when 80 is divided by 14?
10
What is the remainder when 364 is divided by 89?
8
What is the remainder when 108 is divided by 21?
3
Calculate the remainder when 1042 is divided by 61.
5
What is the remainder when 234 is divided by 112?
10
Calculate the remainder when 1635 is divided by 47.
37
What is the remainder when 111 is divided by 33?
12
Calculate the remainder when 569 is divided by 190.
189
Calculate the remainder when 19167 is divided by 45.
42
Calculate the remainder when 416 is divided by 19.
17
What is the remainder when 211 is divided by 19?
2
Calculate the remainder when 1662 is divided by 545.
27
Calculate the remainder when 120 is divided by 44.
32
What is the remainder when 186 is divided by 48?
42
What is the remainder when 43 is divided by 26?
17
What is the remainder when 450 is divided by 49?
9
What is the remainder when 1610 is divided by 124?
122
Calculate the remainder when 267 is divided by 55.
47
Calculate the remainder when 71 is divided by 44.
27
Calculate the remainder when 434 is divided by 108.
2
What is the remainder when 498 is divided by 50?
48
Calculate the remainder when 594 is divided by 117.
9
What is the remainder when 131 is divided by 34?
29
What is the remainder when 501 is divided by 44?
17
What is the remainder when 63 is divided by 39?
24
What is the remainder when 927 is divided by 5?
2
What is the remainder when 126 is divided by 55?
16
What is the remainder when 1519 is divided by 20?
19
Calculate the remainder when 303 is divided by 291.
12
What is the remainder when 54 is divided by 43?
11
Calculate the remainder when 191 is divided by 16.
15
What is the remainder when 117 is divided by 65?
52
What is the remainder when 269 is divided by 54?
53
Calculate the remainder when 137 is divided by 28.
25
Calculate the remainder when 125 is divided by 21.
20
Calculate the remainder when 144 is divided by 29.
28
What is the remainder when 100 is divided by 12?
4
What is the remainder when 224 is divided by 76?
72
Calculate the remainder when 717 is divided by 40.
37
Calculate the remainder when 133 is divided by 46.
41
What is the remainder when 2011 is divided by 14?
9
Calculate the remainder when 37013 is divided by 81.
77
What is the remainder when 3015 is divided by 276?
255
What is the remainder when 477 is divided by 96?
93
What is the remainder when 388 is divided by 17?
14
Calculate the remainder when 171 is divided by 27.
9
Calculate the remainder when 95 is divided by 34.
27
What is the remainder when 2600 is divided by 2587?
13
Calculate the remainder when 225 is divided by 87.
51
Calculate the remainder when 132 is divided by 7.
6
What is the remainder when 238 is divided by 30?
28
What is the remainder when 513 is divided by 6?
3
Calculate the remainder when 463 is divided by 16.
15
What is the remainder when 389 is divided by 30?
29
What is the remainder when 247 is divided by 121?
5
What is the remainder when 1149 is divided by 14?
1
What is the remainder when 363 is divided by 165?
33
Calculate the remainder when 1730 is divided by 31.
25
What is the remainder when 11792 is divided by 171?
164
Calculate the remainder when 945 is divided by 95.
90
Calculate the remainder when 5543 is divided by 56.
55
What is the remainder when 2555 is divided by 4?
3
Calculate the remainder when 928 is divided by 93.
91
What is the remainder when 191 is divided by 89?
13
What is the remainder when 498 is divided by 232?
34
Calculate the remainder when 12198 is divided by 61.
59
Calcu